ided by 47.
14
Calculate the remainder when 74 is divided by 10.
4
Calculate the remainder when 199 is divided by 4.
3
Calculate the remainder when 1538 is divided by 512.
2
Calculate the remainder when 222 is divided by 61.
39
Calculate the remainder when 1180 is divided by 9.
1
What is the remainder when 17 is divided by 1?
0
Calculate the remainder when 337 is divided by 90.
67
Calculate the remainder when 5874 is divided by 54.
42
Calculate the remainder when 118 is divided by 41.
36
What is the remainder when 1094 is divided by 543?
8
Calculate the remainder when 663 is divided by 27.
15
Calculate the remainder when 231 is divided by 18.
15
What is the remainder when 493 is divided by 9?
7
What is the remainder when 551 is divided by 110?
1
Calculate the remainder when 172 is divided by 54.
10
Calculate the remainder when 90 is divided by 65.
25
Calculate the remainder when 3299 is divided by 57.
50
What is the remainder when 516 is divided by 133?
117
What is the remainder when 218 is divided by 92?
34
Calculate the remainder when 112 is divided by 45.
22
Calculate the remainder when 694 is divided by 114.
10
Calculate the remainder when 240 is divided by 32.
16
What is the remainder when 177 is divided by 13?
8
Calculate the remainder when 2374 is divided by 33.
31
Calculate the remainder when 5725 is divided by 19.
6
What is the remainder when 160 is divided by 24?
16
What is the remainder when 6884 is divided by 153?
152
What is the remainder when 434 is divided by 176?
82
What is the remainder when 2380 is divided by 92?
80
What is the remainder when 169 is divided by 10?
9
Calculate the remainder when 471 is divided by 97.
83
What is the remainder when 254 is divided by 51?
50
What is the remainder when 280 is divided by 47?
45
Calculate the remainder when 181 is divided by 37.
33
What is the remainder when 2849 is divided by 124?
121
What is the remainder when 126 is divided by 42?
0
Calculate the remainder when 129 is divided by 54.
21
Calculate the remainder when 294 is divided by 26.
8
Calculate the remainder when 271 is divided by 46.
41
Calculate the remainder when 254 is divided by 64.
62
Calculate the remainder when 64 is divided by 33.
31
Calculate the remainder when 223 is divided by 25.
23
What is the remainder when 94 is divided by 9?
4
Calculate the remainder when 491 is divided by 168.
155
What is the remainder when 1197 is divided by 100?
97
What is the remainder when 465 is divided by 39?
36
Calculate the remainder when 5424 is divided by 2708.
8
Calculate the remainder when 1210 is divided by 594.
22
What is the remainder when 223 is divided by 14?
13
What is the remainder when 5988 is divided by 113?
112
What is the remainder when 3354 is divided by 11?
10
Calculate the remainder when 17522 is divided by 9.
8
Calculate the remainder when 397 is divided by 24.
13
Calculate the remainder when 1033 is divided by 115.
113
Calculate the remainder when 48 is divided by 25.
23
What is the remainder when 21321 is divided by 25?
21
What is the remainder when 441 is divided by 44?
1
What is the remainder when 67 is divided by 18?
13
Calculate the remainder when 287 is divided by 32.
31
What is the remainder when 152 is divided by 23?
14
Calculate the remainder when 333 is divided by 76.
29
Calculate the remainder when 433 is divided by 15.
13
Calculate the remainder when 4741 is divided by 10.
1
What is the remainder when 160 is divided by 55?
50
What is the remainder when 6269 is divided by 209?
208
Calculate the remainder when 25 is divided by 19.
6
Calculate the remainder when 448 is divided by 96.
64
Calculate the remainder when 57 is divided by 13.
5
Calculate the remainder when 54 is divided by 16.
6
Calculate the remainder when 216 is divided by 107.
2
Calculate the remainder when 337 is divided by 206.
131
Calculate the remainder when 93 is divided by 45.
3
What is the remainder when 115 is divided by 35?
10
Calculate the remainder when 297 is divided by 93.
18
What is the remainder when 2887 is divided by 85?
82
Calculate the remainder when 2668 is divided by 1334.
0
Calculate the remainder when 226 is divided by 76.
74
Calculate the remainder when 141 is divided by 16.
13
What is the remainder when 33 is divided by 14?
5
What is the remainder when 347 is divided by 131?
85
Calculate the remainder when 23 is divided by 20.
3
Calculate the remainder when 805 is divided by 100.
5
What is the remainder when 168 is divided by 54?
6
Calculate the remainder when 58421 is divided by 218.
215
Calculate the remainder when 108 is divided by 33.
9
What is the remainder when 972 is divided by 95?
22
Calculate the remainder when 1045 is divided by 206.
15
What is the remainder when 1169 is divided by 511?
147
What is the remainder when 542 is divided by 25?
17
What is the remainder when 150 is divided by 40?
30
What is the remainder when 579 is divided by 208?
163
What is the remainder when 525 is divided by 64?
13
Calculate the remainder when 125 is divided by 4.
1
Calculate the remainder when 321 is divided by 25.
21
What is the remainder when 10795 is divided by 120?
115
Calculate the remainder when 379 is divided by 76.
75
Calculate the remainder when 806 is divided by 491.
315
What is the remainder when 165 is divided by 56?
53
What is the remainder when 742 is divided by 62?
60
What is the remainder when 320 is divided by 13?
8
What is the remainder when 261 is divided by 24?
21
What is the remainder when 76 is divided by 70?
6
What is the remainder when 732 is divided by 138?
42
Calculate the remainder when 124 is divided by 37.
13
What is the remainder when 1840 is divided by 232?
216
Calculate the remainder when 193 is divided by 8.
1
What is the remainder when 5854 is divided by 122?
120
Calculate the remainder when 346 is divided by 112.
10
What is the remainder when 514 is divided by 50?
14
Calculate the remainder when 327 is divided by 9.
3
Calculate the remainder when 80 is divided by 29.
22
What is the remainder when 1312 is divided by 37?
17
Calculate the remainder when 88 is divided by 33.
22
Calculate the remainder when 73 is divided by 37.
36
What is the remainder when 81 is divided by 3?
0
Calculate the remainder when 171 is divided by 23.
10
Calculate the remainder when 107 is divided by 16.
11
Calculate the remainder when 2100 is divided by 191.
190
Calculate the remainder when 279 is divided by 47.
44
Calculate the remainder when 1003 is divided by 15.
13
What is the remainder when 493 is divided by 80?
13
What is the remainder when 479 is divided by 160?
159
Calculate the remainder when 42 is divided by 11.
9
What is the remainder when 504 is divided by 16?
8
What is the remainder when 311 is divided by 151?
9
Calculate the remainder when 192 is divided by 26.
10
What is the remainder when 11390 is divided by 3794?
8
Calculate the remainder when 255 is divided by 50.
5
Calculate the remainder when 104 is divided by 5.
4
Calculate the remainder when 96 is divided by 11.
8
Calculate the remainder when 298 is divided by 42.
4
Calculate the remainder when 161 is divided by 81.
80
Calculate the remainder when 153 is divided by 41.
30
Calculate the remainder when 2869 is divided by 10.
9
Calculate the remainder when 56 is divided by 12.
8
Calculate the remainder when 680 is divided by 76.
72
What is the remainder when 180 is divided by 32?
20
Calculate the remainder when 890 is divided by 2.
0
What is the remainder when 200 is divided by 24?
8
Calculate the remainder when 113 is divided by 30.
23
What is the remainder when 1052 is divided by 34?
32
What is the remainder when 1107 is divided by 36?
27
Calculate the remainder when 865 is divided by 432.
1
What is the remainder when 15273 is divided by 5091?
0
Calculate the remainder when 119 is divided by 27.
11
Calculate the remainder when 112 is divided by 43.
26
What is the remainder when 1055 is divided by 430?
195
Calculate the remainder when 132 is divided by 35.
27
Calculate the remainder when 92 is divided by 11.
4
Calculate the remainder when 756 is divided by 189.
0
What is the remainder when 351 is divided by 22?
21
What is the remainder when 78 is divided by 50?
28
Calculate the remainder when 1225 is divided by 212.
165
What is the remainder whe